= -1500*l - 2993. Calculate d(-2).
7
Let v(g) = g**2 + 176*g - 2447. Give v(13).
10
Let v(y) = -44*y - 365. Determine v(-7).
-57
Let n(v) = -v**3 + 11*v**2 - 41*v + 20. Calculate n(7).
-71
Let g(p) = 2*p**3 - 11*p**2 + 23*p - 8. What is g(4)?
36
Let r(h) = 2797*h - 8380. Calculate r(3).
11
Let c(j) = j**2 - 98*j - 2312. Give c(-21).
187
Let q(f) = -4*f**2 - 51*f + 20. Determine q(-13).
7
Let i(x) = 33*x**2 - 1795*x + 698. Calculate i(54).
-4
Let f(p) = -532*p - 540. What is f(0)?
-540
Let c(r) = -r**2 - 287*r - 18695. Determine c(-100).
5
Let d(a) = 21*a**2 + 70*a - 145. Calculate d(2).
79
Let x(c) = -c**3 - c - 200. Determine x(0).
-200
Let u(s) = 2*s**2 - 152*s + 2834. Determine u(43).
-4
Let w(u) = -u**3 - 9*u**2 - 8*u + 5. Give w(-7).
-37
Let g(r) = -r**3 - 78*r**2 - 441*r - 624. Determine g(-72).
24
Let k(r) = r**2 - 9*r - 300. What is k(20)?
-80
Let v(i) = 2*i**2 + 279*i - 1624. Give v(-145).
-29
Let t(v) = v**2 + 16*v - 197. Calculate t(14).
223
Let i(s) = s**3 + 28*s**2 - 59*s + 51. Give i(-30).
21
Let o(k) = -k**3 + 9*k**2 + 4*k - 25. What is o(8)?
71
Let w(m) = m**3 + 3*m**2 - 13*m - 31. Determine w(-3).
8
Let w(g) = -280*g - 1685. Give w(-6).
-5
Let p(d) = d**3 + 22*d**2 + 719*d + 14678. Calculate p(-21).
20
Let d(n) = -255*n + 31865. Calculate d(125).
-10
Let v(d) = -d**3 + 36*d**2 - 14*d - 616. Give v(35).
119
Let u(l) = l**2 + 21*l + 1. Determine u(11).
353
Let m(s) = -s**3 + 2*s**2 + 55*s - 1. Give m(8).
55
Let x(t) = t**3 + 10*t**2 - 22*t - 28. What is x(-12)?
-52
Let b(x) = -3*x**3 + 11*x**2 - 8*x - 56. Calculate b(4).
-104
Let k(i) = 10*i - 25. What is k(11)?
85
Let y(x) = x**3 + 33*x**2 - 68*x + 69. Determine y(-35).
-1
Let p(w) = w**2 - 112*w - 46145. Calculate p(278).
3
Let p(w) = -2*w**3 - 5*w**2 + 45*w + 8. Give p(-6).
-10
Let o(y) = -y**2 - 114*y - 229. What is o(-2)?
-5
Let w(m) = -2*m**3 - 195*m**2 + 96*m - 183. What is w(-98)?
13
Let q(r) = r**2 - 53*r - 347. What is q(59)?
7
Let b(g) = g**3 + 2*g**2 + 95*g - 328. Calculate b(3).
2
Let u(s) = -2*s**3 + 30*s**2 + 73*s - 88. Determine u(17).
-3
Let d(b) = b**3 - 13*b**2 - 3*b + 130. What is d(12)?
-50
Let f(p) = -75*p**2 + 750*p - 8. What is f(10)?
-8
Let c(i) = i**2 + 290*i - 8553. Give c(-317).
6
Let p(m) = m**2 - 194*m + 936. What is p(5)?
-9
Let f(i) = -2*i**2 + 14*i + 117. Determine f(12).
-3
Let l(p) = -1990*p - 25869. Calculate l(-13).
1
Let b(j) = -18*j + 470. Calculate b(30).
-70
Let h(j) = 68*j - 4545. Determine h(67).
11
Let a(m) = -42*m + 226. What is a(6)?
-26
Let d(w) = -20*w - 52. Give d(9).
-232
Let y(v) = -3*v**2 - 11*v + 46. Give y(-5).
26
Let v(f) = -123*f + 7612. Give v(62).
-14
Let p(n) = -4671*n - 51372. Determine p(-11).
9
Let y(h) = 22*h**2 + 1611*h + 363. Calculate y(-73).
-2
Let b(v) = 329*v**2 + 3*v - 5. Determine b(-1).
321
Let j(z) = z**3 + 84*z**2 + 1539*z - 9. Give j(-27).
-9
Let f(s) = s**3 - 3*s**2 - 4*s - 38. What is f(-5)?
-218
Let l(t) = -t**3 + 2*t**2 + 262*t + 947. Give l(-4).
-5
Let c(r) = -489*r + 1971. Give c(4).
15
Let g(l) = l**3 - 38*l**2 - 2*l + 103. Give g(38).
27
Let y(t) = t**3 - 16*t**2 + 18*t - 709. Calculate y(17).
-114
Let d(r) = -r**3 - 9*r**2 - 9*r + 6. What is d(-5)?
-49
Let o(f) = -f**2 - 17*f - 64. Give o(-6).
2
Let o(d) = -53*d**2 + 10332*d + 582. Calculate o(195).
-3
Let t(k) = k**2 - 5*k + 160. Calculate t(-12).
364
Let j(a) = 138*a - 606. Calculate j(7).
360
Let w(b) = 542*b - 2683. What is w(5)?
27
Let v(l) = 2*l**3 - 41*l**2 + 190*l + 23. What is v(13)?
-42
Let l(v) = v**2 - 17*v + 14. Determine l(17).
14
Let r(k) = 87*k**2 - 606*k - 42. Determine r(7).
-21
Let g(z) = 5*z + 74. What is g(-16)?
-6
Let p(v) = 2*v**3 - 58*v**2 - 24*v - 1072. What is p(30)?
8
Let r(h) = 20*h**3 - 6*h**2 - 6*h + 1. What is r(-2)?
-171
Let c(q) = q**3 + 79*q**2 + 295*q - 248. What is c(-75)?
127
Let p(m) = 2*m**3 + 357*m**2 + 175*m - 514. Determine p(-178).
20
Let f(l) = -l**3 - 30*l**2 + 101*l + 63. Determine f(-33).
-3
Let m(a) = 16452*a + 98719. Calculate m(-6).
7
Let j(g) = 9*g**2 + 77*g - 28. What is j(-9)?
8
Let a(q) = q**3 - q**2 - 4*q + 44. Determine a(0).
44
Let z(h) = h**2 - 9*h - 519. What is z(29)?
61
Let b(n) = -2*n**3 + 27*n**2 - 62*n + 95. Determine b(11).
18
Let h(i) = -i**3 + 5*i**2 + 9*i - 32. Calculate h(3).
13
Let j(h) = h**2 + 32*h + 210. Calculate j(-21).
-21
Let u(w) = -536*w - 2113. Give u(-4).
31
Let r(v) = 190*v + 28304. Give r(-149).
-6
Let o(b) = -b**2 + 886*b + 5348. Determine o(-6).
-4
Let h(a) = 6*a**3 - 55*a**2 + 16*a - 58. What is h(9)?
5
Let o(z) = 2*z**3 - 82*z**2 + 72*z + 311. Give o(40).
-9
Let k(f) = 20*f**3 + f**2 + 3*f - 5. Determine k(2).
165
Let l(q) = 9*q**2 - 11*q + 9. Calculate l(4).
109
Let y(a) = 42*a**2 + 14*a + 11. What is y(-1)?
39
Let c(v) = -10*v + 524. Calculate c(47).
54
Let a(f) = -f**2 - 58*f + 69. Give a(-60).
-51
Let h(x) = -x**3 - x**2 + x + 423. Calculate h(0).
423
Let c(w) = 7*w**2 - 33*w - 185. Calculate c(8).
-1
Let k(a) = a**2 + 24*a - 85. Determine k(4).
27
Let v(o) = -o**3 - 38*o**2 + 162*o + 116. What is v(-42)?
368
Let p(h) = -h**3 - 8*h**2 - 40*h + 103. Determine p(2).
-17
Let l(d) = 135*d - 1329. What is l(10)?
21
Let z(d) = 4*d**3 - 1043*d**2 + 779*d + 266. Determine z(260).
6
Let n(o) = 2*o**2 + 28*o - 82. Give n(-20).
158
Let v(d) = 4*d**3 - 3*d**2 + 10*d + 5. Give v(-4).
-339
Let b(t) = 7*t**2 - 40. What is b(0)?
-40
Let o(q) = 18*q**3 + 6*q**2 - 10*q - 24. Give o(-2).
-124
Let c(i) = -2*i**3 - 33*i**2 + 21*i + 59. Calculate c(-17).
-9
Let k(q) = 2*q**2 + 39*q + 247. Calculate k(-9).
58
Let r(q) = -q**3 + 4*q**2 - 91*q + 597. Calculate r(7).
-187
Let b(c) = 112*c - 43. Calculate b(0).
-43
Let d(k) = -2*k**2 + 9*k + 505. Determine d(24).
-431
Let a(o) = -257*o - 6684. Determine a(-26).
-2
Let g(t) = -t**3 - 29*t**2 + 73*t - 13. Give g(-31).
-354
Let u(b) = b**3 + 2*b**2 + 25*b + 18. Determine u(-4).
-114
Let g(c) = 28*c + 34. Give g(8).
258
Let j(l) = -4016*l + 253008. Calculate j(63).
0
Let p(w) = -2*w**2 + 48*w - 84. Give p(26).
-188
Let a(s) = -2121*s + 8472. What is a(4)?
-12
Let g(n) = n**2 + 2361*n + 39836. Calculate g(-17).
-12
Let x(c) = 19*c + 250. Determine x(-22).
-168
Let z(y) = y**2 + 40*y - 225. Determine z(-45).
0
Let z(q) = 1742*q + 92326. Give z(-53).
0
Let v(m) = -m**2 - 19*m + 130. Calculate v(-24).
10
Let r(u) = -u**2 - 20*u - 66. Determine r(-12).
30
Let u(k) = k**3 + 10*k**2 + 118*k + 1407. Calculate u(-11).
-12
Let w(q) = -6*q + 382. Determine w(16).
286
Let d(n) = -n**3 + 35*n**2 + 146*n + 41. Determine d(39).
-349
Let p(v) = 7*v + 19. What is p(-8)?
-37
Let b(c) = 12*c - 688. Calculate b(15).
-508
Let p(b) = -3*b**2 - 17*b - 14. Give p(-6).
-20
Let c(n) = -216*n - 1056. Give c(-5).
24
Let q(j) = 3*j**3 + 6*j**2 - j - 11. Calculate q(3).
121
Let c(a) = a**2 + 17*a - 6937. Give c(-92).
-37
Let x(n) = 2*n**3 + 69*n**2 + 34*n - 7. Give x(-34).
-7
Let t(u) = 7*u + 208. Determine t(-37).
-51
Let c(d) = -7*d - 300. Determine c(-24).
-132
Let t(w) = -w**3 - 5*w**2 + 144*w + 527. Give t(-13).
7
Let n(k) = k**3 - 9*k**2 - 17*k + 164. Give n(9).
11
Let a(v) = v**3 - 10*v**2 - 89*v - 4. What is a(-7)?
-214
Let d(a) = a**3 + 10*a**2 - 33*a + 52. Give d(-13).
-26
Let k(x) = 2*x**3 + 89*x**2 + 720*x + 202. Give k(-34).
-2
Let h(r) = -153*r - 1653. Determine h(-10).
-123
Let v(p) = 133*p + 1717. Determine v(-13).
-12
Let l(j) = 47*j**2 - 19*j - 46. Determine l(-3).
434
Let k(f) = -3*f**2 - 53*f + 261. Calculate k(-21).
51
Let i(j) = -2*j**3 + 12*j**2 + 2*j - 61. Give i(6).
-49
Let i(y) = -590*y - 30080. Give i(-51).
10
Let j(l) = l**3 - 15*l**2 + 28*l - 134. Calculate j(14).
62
Let y(w) = -w**3 + 46*w**2 + 2*w - 43. Give y(46).
49
Let h(w) = 10*w**2 - 42*w + 251. Give h(5).
291
Let j(b) = -8*b**2 + 10*b - 1. What is j(6)?
-229
Let f(i) = 4*i**3 + 7*i**2 - 2*i + 10. Determine f(3).
175
Let t(p) = -p**3 - 28*p**2 - 54*p - 78. Determine t(-26).
-26
Let a(f) = 108*f + 5829. Give a(-54).
-3
Let z(p) = 8*p**3 + 6*p + 10. What is z(-2)?
-66
Let f(i) = i**2 + 286*i + 16354. Give f(-207).
1
Let i(f) = -f**2 + 15*f + 157. Give i(30).
-293
Let b(m) = -m**3 - 23*m**2 + 16. Give b(-23).
16
Let f(l) = -136*l - 7. What is f(-1)?
129
Let p(c) = -5*c - 50. Determine p(-11).
5
Let h(b) = -5*b**2 - 379*b + 63. Give h(-76).
-13
Let z(i) = i**3 - 8*i**2 + 16*i - 67